{"id":30,"date":"2018-04-13T16:41:14","date_gmt":"2018-04-13T16:41:14","guid":{"rendered":"http:\/\/von-der-sangskath.de\/?page_id=30"},"modified":"2018-04-16T17:10:42","modified_gmt":"2018-04-16T17:10:42","slug":"unser-zwinger-2","status":"publish","type":"page","link":"https:\/\/von-der-sangskath.de\/","title":{"rendered":"Home"},"content":{"rendered":"<p style=\"text-align: center;\">Herzlich Willkommen auf den Seiten des jungen Foxterrier-Zwingers<br \/>\n<strong>\u201evon der Sangskath\u201c!<\/strong><img decoding=\"async\" loading=\"lazy\" class=\"aligncenter wp-image-139 \" src=\"https:\/\/von-der-sangskath.dewp-content\/uploads\/2018\/04\/IMG_4962-225x300.jpg\" alt=\"\" width=\"215\" height=\"287\" srcset=\"https:\/\/von-der-sangskath.de\/wp-content\/uploads\/2018\/04\/IMG_4962-225x300.jpg 225w, https:\/\/von-der-sangskath.de\/wp-content\/uploads\/2018\/04\/IMG_4962-768x1024.jpg 768w, https:\/\/von-der-sangskath.de\/wp-content\/uploads\/2018\/04\/IMG_4962-960x1280.jpg 960w\" sizes=\"(max-width: 215px) 100vw, 215px\" \/><span style=\"font-size: 1rem;\">Auf den folgenden Seiten m\u00f6chten wir Ihnen unsere jagdliche Leistungszucht f\u00fcr Foxterrier vorstellen. Wir z\u00fcchten Foxterrier f\u00fcr den Jagdgebrauch- eine Abgabe erfolgt an J\u00e4ger und Hundef\u00fchrer.<br \/>\n<\/span>Sollten Sie sich f\u00fcr einen unserer Welpen interessieren, nehmen Sie bitte fr\u00fchzeitig mit uns Kontakt auf, um uns und unsere Hunde kennen zulernen.<\/p>\n<p style=\"text-align: center;\">Viel Spa\u00df beim Besuch unserer Seiten!<\/p>\n","protected":false},"excerpt":{"rendered":"<p>Herzlich Willkommen auf den Seiten des jungen Foxterrier-Zwingers \u201evon der Sangskath\u201c!Auf den folgenden Seiten m\u00f6chten wir Ihnen unsere jagdliche Leistungszucht f\u00fcr Foxterrier vorstellen. Wir z\u00fcchten Foxterrier f\u00fcr den Jagdgebrauch- eine Abgabe erfolgt an J\u00e4ger und Hundef\u00fchrer. Sollten Sie sich f\u00fcr einen unserer Welpen interessieren, nehmen Sie bitte fr\u00fchzeitig mit uns Kontakt auf, um uns und <a href=\"https:\/\/von-der-sangskath.de\/\" class=\"more-link\">...weiterlesen<span class=\"screen-reader-text\"> \"Home\"<\/span><\/a><\/p>\n","protected":false},"author":1,"featured_media":0,"parent":0,"menu_order":0,"comment_status":"closed","ping_status":"closed","template":"","meta":[],"_links":{"self":[{"href":"https:\/\/von-der-sangskath.de\/index.php?rest_route=\/wp\/v2\/pages\/30"}],"collection":[{"href":"https:\/\/von-der-sangskath.de\/index.php?rest_route=\/wp\/v2\/pages"}],"about":[{"href":"https:\/\/von-der-sangskath.de\/index.php?rest_route=\/wp\/v2\/types\/page"}],"author":[{"embeddable":true,"href":"https:\/\/von-der-sangskath.de\/index.php?rest_route=\/wp\/v2\/users\/1"}],"replies":[{"embeddable":true,"href":"https:\/\/von-der-sangskath.de\/index.php?rest_route=%2Fwp%2Fv2%2Fcomments&post=30"}],"version-history":[{"count":9,"href":"https:\/\/von-der-sangskath.de\/index.php?rest_route=\/wp\/v2\/pages\/30\/revisions"}],"predecessor-version":[{"id":141,"href":"https:\/\/von-der-sangskath.de\/index.php?rest_route=\/wp\/v2\/pages\/30\/revisions\/141"}],"wp:attachment":[{"href":"https:\/\/von-der-sangskath.de\/index.php?rest_route=%2Fwp%2Fv2%2Fmedia&parent=30"}],"curies":[{"name":"wp","href":"https:\/\/api.w.org\/{rel}","templated":true}]}}